Does 10 divide 6594?
False
Is 261 a factor of 29232?
True
Is 122 a factor of 3084?
False
Is 187 a multiple of 5?
False
Does 22 divide 145248?
False
Is 11 a factor of 5308?
False
Is 49878 a multiple of 17?
True
Is 6 a factor of 73?
False
Is 70930 a multiple of 205?
True
Is 15 a factor of 514?
False
Is 18 a factor of 9740?
False
Is 149 a factor of 57832?
False
Does 9 divide 87507?
True
Is 5478 a multiple of 11?
True
Is 9 a factor of 419?
False
Is 9324 a multiple of 74?
True
Does 19 divide 593?
False
Is 1053 a multiple of 39?
True
Is 23 a factor of 30934?
False
Is 598 a multiple of 23?
True
Is 55 a factor of 12014?
False
Is 242 a factor of 78233?
False
Is 19163 a multiple of 13?
False
Does 2 divide 4254?
True
Is 397 a multiple of 15?
False
Is 14848 a multiple of 10?
False
Does 10 divide 8289?
False
Does 152 divide 6688?
True
Does 35 divide 23345?
True
Does 3 divide 13118?
False
Is 10 a factor of 4707?
False
Does 61 divide 1220?
True
Does 7 divide 1512?
True
Does 26 divide 3385?
False
Is 442 a multiple of 13?
True
Is 1370 a multiple of 12?
False
Is 14190 a multiple of 110?
True
Is 60900 a multiple of 15?
True
Is 305 a multiple of 46?
False
Is 9 a factor of 253?
False
Is 6806 a multiple of 41?
True
Is 78 a factor of 713?
False
Is 2438 a multiple of 23?
True
Is 24 a factor of 521?
False
Is 7 a factor of 714?
True
Is 16 a factor of 5232?
True
Does 6 divide 1794?
True
Does 9 divide 10361?
False
Is 6 a factor of 1758?
True
Is 258 a factor of 41514?
False
Is 62843 a multiple of 319?
True
Does 22 divide 237?
False
Does 112 divide 2844?
False
Does 23 divide 1380?
True
Is 992 a multiple of 21?
False
Is 44 a multiple of 4?
True
Is 43667 a multiple of 14?
False
Is 11824 a multiple of 4?
True
Is 20 a factor of 720?
True
Does 6 divide 2272?
False
Does 6 divide 603?
False
Is 12 a factor of 7933?
False
Is 5331 a multiple of 11?
False
Is 57 even?
False
Is 17 a factor of 5270?
True
Does 66 divide 987?
False
Does 26 divide 240?
False
Does 2 divide 23?
False
Is 1728 a multiple of 18?
True
Does 13 divide 262?
False
Is 7751 a multiple of 61?
False
Is 34 a factor of 395?
False
Does 11 divide 292?
False
Is 13 a factor of 800?
False
Is 311 a multiple of 6?
False
Is 10701 a multiple of 41?
True
Is 29 a factor of 362?
False
Is 46 a factor of 1734?
False
Is 65 a factor of 910?
True
Does 19 divide 42171?
False
Does 32 divide 480?
True
Does 32 divide 4256?
True
Does 43 divide 559?
True
Does 18 divide 10746?
True
Is 23545 a multiple of 85?
True
Is 34 a multiple of 3?
False
Does 13 divide 6474?
True
Is 420 a multiple of 4?
True
Is 2 a factor of 734?
True
Does 16 divide 1647?
False
Is 2920 a multiple of 16?
False
Is 26460 a multiple of 108?
True
Is 886 a multiple of 34?
False
Is 16 a factor of 5073?
False
Does 19 divide 12118?
False
Is 5666 a multiple of 15?
False
Is 5 a factor of 215?
True
Is 29 a factor of 205?
False
Is 388 a multiple of 25?
False
Is 440 a multiple of 8?
True
Does 14 divide 17174?
False
Does 29 divide 26121?
False
Is 22 a factor of 594?
True
Is 19988 a multiple of 38?
True
Does 60 divide 60?
True
Is 5814 a multiple of 19?
True
Does 59 divide 7670?
True
Does 5 divide 455?
True
Is 5412 a multiple of 44?
True
Is 39 a factor of 741?
True
Does 52 divide 30081?
False
Does 9 divide 397?
False
Does 20 divide 864?
False
Does 27 divide 891?
True
Is 95 a factor of 1900?
True
Does 149 divide 106524?
False
Does 46 divide 1213?
False
Is 18 a factor of 3773?
False
Is 19203 a multiple of 28?
False
Is 33 a factor of 3130?
False
Is 2435 a multiple of 5?
True
Does 128 divide 50688?
True
Is 50 a factor of 7250?
True
Is 10 a factor of 16460?
True
Is 170 a multiple of 34?
True
Does 5 divide 12072?
False
Is 22 a factor of 1682?
False
Is 34 a factor of 1811?
False
Is 790 a multiple of 3?
False
Is 68 a factor of 3713?
False
Is 22 a factor of 3498?
True
Is 59582 a multiple of 15?
False
Is 36 a factor of 756?
True
Is 7176 a multiple of 23?
True
Does 2 divide 17788?
True
Does 22 divide 24624?
False
Does 31 divide 372?
True
Does 21 divide 2155?
False
Is 73 a factor of 2464?
False
Is 1394 a multiple of 94?
False
Is 132 a multiple of 7?
False
Is 13 a factor of 26367?
False
Is 10 a factor of 10?
True
Does 12 divide 84?
True
Is 9900 a multiple of 20?
True
Is 27 a factor of 44101?
False
Does 16 divide 4032?
True
Does 8 divide 403?
False
Is 18 a factor of 9262?
False
Is 6693 a multiple of 131?
False
Is 1020 a multiple of 5?
True
Is 1224 a multiple of 36?
True
Does 78 divide 3510?
True
Is 11 a factor of 286?
True
Is 11739 a multiple of 273?
True
Is 176 a multiple of 9?
False
Is 43 a factor of 4429?
True
Is 11090 a multiple of 8?
False
Is 9272 a multiple of 121?
False
Is 1385 a multiple of 59?
False
Is 4 a factor of 8288?
True
Is 44 a factor of 5016?
True
Is 42 a factor of 6914?
False
Is 360 a multiple of 9?
True
Is 8 a factor of 136?
True
Does 115 divide 46352?
False
Is 30 a factor of 19170?
True
Is 512 a multiple of 128?
True
Is 3876 a multiple of 68?
True
Is 29 a factor of 57333?
True
Is 13360 a multiple of 10?
True
Is 21184 a multiple of 2?
True
Does 9 divide 4190?
False
Does 4 divide 34?
False
Does 253 divide 16287?
False
Does 25 divide 4825?
True
Is 1801 a multiple of 33?
False
Does 116 divide 25966?
False
Does 12 divide 23760?
True
Is 22 a factor of 95171?
False
Is 52 a factor of 5616?
True
Does 4 divide 692?
True
Is 103 a factor of 9960?
False
Is 30 a factor of 113659?
False
Is 608 a multiple of 6?
False
Is 34 a factor of 10778?
True
Is 196 a factor of 27971?
False
Does 28 divide 4644?
False
Is 7277 a multiple of 78?
False
Is 7 a factor of 5277?
False
Does 18 divide 7344?
True
Is 86 a multiple of 6?
False
Is 15466 a multiple of 38?
True
Is 4718 a multiple of 68?
False
Is 6876 a multiple of 4?
True
Is 19 a factor of 665?
True
Does 149 divide 15998?
False
Is 42766 a multiple of 45?
False
Is 24 a factor of 2064?
True
Is 532 a multiple of 26?
False
Is 892 a multiple of 26?
False
Is 2464 a multiple of 14?
True
Is 10 a factor of 282?
False
Does 73 divide 8760?
True
Does 45 divide 3060?
True
Does 3 divide 113?
False
Is 228 a factor of 11628?
True
Does 3 divide 2662?
False
Is 178 a factor of 3370?
False
Does 12 divide 440?
False
Does 27 divide 539?
False
Is 7562 a multiple of 86?
False
Does 38 divide 13034?
True
Is 163 a factor of 39763?
False
Is 4 a factor of 52?
True
Is 32 a factor of 401?
False
Is 638 a multiple of 11?
True
Is 36315 a multiple of 19?
False
Is 32592 a multiple of 16?
True
Is 45 a multiple of 2?
False
Is 5 a factor of 12410?
True
Does 8 divide 360?
True
Does 10 divide 220?
True
Is 7 a multiple of 7?
True
Is 4 a factor of 400?
True
Is 2890 a multiple of 17?
True
Does 25 divide 99?
False
Is 492 a multiple of 12?
True
Does 31 divide 31?
True
Does 20 divide 42?
False
Is 7381 a multiple of 9?
False
Does 27 divide 837?
True
Does 22 divide 5832?
False
Does 133 divide 8512?
True
Is 14 a factor of 31969?
False
Does 29 divide 83?
False
Is 4234 a multiple of 29?
True
Is 510 a multiple of 10?
True
Does 15 divide 585?
True
Does 3 divide 966?
True
Does 22 divide 947?
False
Is 193 a multiple of 15?
False
Is 123 a factor of 5997?
False
Does 33 divide 243?
False
Is 13 a factor of 28293?
False
Does 12 divide 720?
True
Does 48 divide 432?
True
Is 40338 a multiple of 83?
True
Does 9 divide 5112?
True
Does 7 divide 5782?
True
Does 22 divide 421?
False
Is 8 a factor of 191?
False
Is 22365 a multiple of 45?
True
Is 240 a multiple of 8?
True
Is 20591 a multiple of 59?
True
Is 25 a factor of 4971?
False
Is 5904 a multiple of 72?
True
Is 10530 a multiple of 77?
False
Is 27 a factor of 16665?
False
Does 48 divide 51984?
True
Is 44 a multiple of 44?
True
Does 37 divide 64760?
False
Is 20 a factor of 6520?
True
Is 341 a multiple of 11?
True
Is 16 a factor of 155?
False
Is 838 a multiple of 12?
False
Is 144 a factor of 11502?
False
Does 18 divide 278?
False
Is 21302 a multiple of 20?
False
Is 11663 even?
False
Does 15 divide 1377?
False
Is 218 even?
True
Is 2801 a multiple of 21?
False
Does 21 divide 1932?
True
Is 33 a multiple of 11?
True
Is 10 a factor of 10?
True
Does 16 divide 1351?
False
Does 14 divide 1837?
False
Is 105 a factor of 15918?
False
Is 8 a factor of 1080?
True
Is 19 a factor of 44?
False
Is 1118 a multiple of 2?
True
Does 106 divide 150414?
True
Does 28 divide 1316?
True
Is 28 a factor